{"id":139,"date":"2021-01-10T16:10:47","date_gmt":"2021-01-10T16:10:47","guid":{"rendered":"https:\/\/www.modellbau-teile.ch\/?page_id=139"},"modified":"2022-04-13T18:09:49","modified_gmt":"2022-04-13T18:09:49","slug":"zeichnen-drucken-fraesen-bestellablauf","status":"publish","type":"page","link":"https:\/\/www.modellbau-teile.ch\/?page_id=139","title":{"rendered":"Bestellablauf"},"content":{"rendered":"\n<h2 class=\"wp-block-heading\">Bestellablauf &#8211; In 4 Schritten zu Ihrer Massanfertigung<\/h2>\n\n\n\n<p><\/p>\n\n\n\n<div class=\"wp-block-columns is-layout-flex wp-container-core-columns-is-layout-9d6595d7 wp-block-columns-is-layout-flex\">\n<div class=\"wp-block-column is-layout-flow wp-block-column-is-layout-flow\" style=\"flex-basis:9%\">\n<p class=\"has-text-align-center\"><strong>Schritt 1<\/strong><\/p>\n<\/div>\n\n\n\n<div class=\"wp-block-column is-layout-flow wp-block-column-is-layout-flow\" style=\"flex-basis:91%\">\n<p>Senden Sie mir eine Anfrage mittels Kontaktformular. Je mehr Informationen Sie mir geben k\u00f6nnen desto besser. Wenn Sie z.B. schon eine Zeichnung resp. Skizze haben, senden Sie mir diese mit.<\/p>\n<\/div>\n<\/div>\n\n\n\n<div class=\"wp-block-columns is-layout-flex wp-container-core-columns-is-layout-9d6595d7 wp-block-columns-is-layout-flex\">\n<div class=\"wp-block-column is-layout-flow wp-block-column-is-layout-flow\" style=\"flex-basis:9%\">\n<p class=\"has-text-align-center\"><strong>Schritt 2<\/strong><\/p>\n<\/div>\n\n\n\n<div class=\"wp-block-column is-layout-flow wp-block-column-is-layout-flow\" style=\"flex-basis:91%\">\n<p>Ich bearbeite Ihre Anfrage und melde mich bei Ihnen, um allf\u00e4llige Fragen zu kl\u00e4ren und erstelle anschliessend eine Offerte.<\/p>\n<\/div>\n<\/div>\n\n\n\n<div class=\"wp-block-columns is-layout-flex wp-container-core-columns-is-layout-9d6595d7 wp-block-columns-is-layout-flex\">\n<div class=\"wp-block-column is-layout-flow wp-block-column-is-layout-flow\" style=\"flex-basis:9%\">\n<p class=\"has-text-align-center\"><strong>Schritt 3<\/strong><\/p>\n<\/div>\n\n\n\n<div class=\"wp-block-column is-layout-flow wp-block-column-is-layout-flow\" style=\"flex-basis:91%\">\n<p>Nach Ihrer Best\u00e4tigung beginne ich mit der Erstellung der Zeichnungen und allenfalls einem Prototypen.<\/p>\n<\/div>\n<\/div>\n\n\n\n<div class=\"wp-block-columns is-layout-flex wp-container-core-columns-is-layout-9d6595d7 wp-block-columns-is-layout-flex\">\n<div class=\"wp-block-column is-layout-flow wp-block-column-is-layout-flow\" style=\"flex-basis:9%\">\n<p class=\"has-text-align-center\"><strong>Schritt 4<\/strong><\/p>\n<\/div>\n\n\n\n<div class=\"wp-block-column is-layout-flow wp-block-column-is-layout-flow\" style=\"flex-basis:91%\">\n<p>Ich stelle Ihr Produkt her. Anschliessend versende ich es inkl. Rechnung per Post oder Sie k\u00f6nnen es bei mir abholen.<\/p>\n<\/div>\n<\/div>\n","protected":false},"excerpt":{"rendered":"<p>Bestellablauf &#8211; In 4 Schritten zu Ihrer Massanfertigung Schritt 1 Senden Sie mir eine Anfrage mittels Kontaktformular. Je mehr Informationen Sie mir geben k\u00f6nnen desto besser. Wenn Sie z.B. schon eine Zeichnung resp. Skizze haben, senden Sie mir diese mit. Schritt 2 Ich bearbeite Ihre Anfrage und melde mich bei Ihnen, um allf\u00e4llige Fragen zu &#8230; <a title=\"Bestellablauf\" class=\"read-more\" href=\"https:\/\/www.modellbau-teile.ch\/?page_id=139\" aria-label=\"Read more about Bestellablauf\">mehr lesen<\/a><\/p>\n","protected":false},"author":1,"featured_media":0,"parent":0,"menu_order":0,"comment_status":"closed","ping_status":"closed","template":"","meta":{"footnotes":""},"class_list":["post-139","page","type-page","status-publish"],"yoast_head":"<!-- This site is optimized with the Yoast SEO plugin v27.5 - https:\/\/yoast.com\/product\/yoast-seo-wordpress\/ -->\n<title>Bestellablauf - 3D-Druck - und Fr\u00e4steile nach Mass<\/title>\n<meta name=\"description\" content=\"Ich erstelle f\u00fcr Sie individuell gezeichnete, gefr\u00e4ste oder 3d gedruckte Teile nach ihrem Wunsch - nicht nur f\u00fcr den Modellbau!\" \/>\n<meta name=\"robots\" content=\"index, follow, max-snippet:-1, max-image-preview:large, max-video-preview:-1\" \/>\n<link rel=\"canonical\" href=\"https:\/\/www.modellbau-teile.ch\/?page_id=139\" \/>\n<meta property=\"og:locale\" content=\"de_DE\" \/>\n<meta property=\"og:type\" content=\"article\" \/>\n<meta property=\"og:title\" content=\"Bestellablauf - 3D-Druck - und Fr\u00e4steile nach Mass\" \/>\n<meta property=\"og:description\" content=\"Ich erstelle f\u00fcr Sie individuell gezeichnete, gefr\u00e4ste oder 3d gedruckte Teile nach ihrem Wunsch - nicht nur f\u00fcr den Modellbau!\" \/>\n<meta property=\"og:url\" content=\"https:\/\/www.modellbau-teile.ch\/?page_id=139\" \/>\n<meta property=\"og:site_name\" content=\"3D-Druck - und Fr\u00e4steile nach Mass\" \/>\n<meta property=\"article:modified_time\" content=\"2022-04-13T18:09:49+00:00\" \/>\n<meta name=\"twitter:card\" content=\"summary_large_image\" \/>\n<meta name=\"twitter:label1\" content=\"Gesch\u00e4tzte Lesezeit\" \/>\n\t<meta name=\"twitter:data1\" content=\"1\u00a0Minute\" \/>\n<script type=\"application\/ld+json\" class=\"yoast-schema-graph\">{\"@context\":\"https:\\\/\\\/schema.org\",\"@graph\":[{\"@type\":\"WebPage\",\"@id\":\"https:\\\/\\\/www.modellbau-teile.ch\\\/?page_id=139\",\"url\":\"https:\\\/\\\/www.modellbau-teile.ch\\\/?page_id=139\",\"name\":\"Bestellablauf - 3D-Druck - und Fr\u00e4steile nach Mass\",\"isPartOf\":{\"@id\":\"https:\\\/\\\/www.modellbau-teile.ch\\\/#website\"},\"datePublished\":\"2021-01-10T16:10:47+00:00\",\"dateModified\":\"2022-04-13T18:09:49+00:00\",\"description\":\"Ich erstelle f\u00fcr Sie individuell gezeichnete, gefr\u00e4ste oder 3d gedruckte Teile nach ihrem Wunsch - nicht nur f\u00fcr den Modellbau!\",\"breadcrumb\":{\"@id\":\"https:\\\/\\\/www.modellbau-teile.ch\\\/?page_id=139#breadcrumb\"},\"inLanguage\":\"de-CH\",\"potentialAction\":[{\"@type\":\"ReadAction\",\"target\":[\"https:\\\/\\\/www.modellbau-teile.ch\\\/?page_id=139\"]}]},{\"@type\":\"BreadcrumbList\",\"@id\":\"https:\\\/\\\/www.modellbau-teile.ch\\\/?page_id=139#breadcrumb\",\"itemListElement\":[{\"@type\":\"ListItem\",\"position\":1,\"name\":\"Home\",\"item\":\"https:\\\/\\\/www.modellbau-teile.ch\\\/\"},{\"@type\":\"ListItem\",\"position\":2,\"name\":\"Bestellablauf\"}]},{\"@type\":\"WebSite\",\"@id\":\"https:\\\/\\\/www.modellbau-teile.ch\\\/#website\",\"url\":\"https:\\\/\\\/www.modellbau-teile.ch\\\/\",\"name\":\"3D-Druck - und Fr\u00e4steile nach Mass\",\"description\":\"Teile nach Mass - nicht nur f\u00fcr Modellbau\",\"potentialAction\":[{\"@type\":\"SearchAction\",\"target\":{\"@type\":\"EntryPoint\",\"urlTemplate\":\"https:\\\/\\\/www.modellbau-teile.ch\\\/?s={search_term_string}\"},\"query-input\":{\"@type\":\"PropertyValueSpecification\",\"valueRequired\":true,\"valueName\":\"search_term_string\"}}],\"inLanguage\":\"de-CH\"}]}<\/script>\n<!-- \/ Yoast SEO plugin. -->","yoast_head_json":{"title":"Bestellablauf - 3D-Druck - und Fr\u00e4steile nach Mass","description":"Ich erstelle f\u00fcr Sie individuell gezeichnete, gefr\u00e4ste oder 3d gedruckte Teile nach ihrem Wunsch - nicht nur f\u00fcr den Modellbau!","robots":{"index":"index","follow":"follow","max-snippet":"max-snippet:-1","max-image-preview":"max-image-preview:large","max-video-preview":"max-video-preview:-1"},"canonical":"https:\/\/www.modellbau-teile.ch\/?page_id=139","og_locale":"de_DE","og_type":"article","og_title":"Bestellablauf - 3D-Druck - und Fr\u00e4steile nach Mass","og_description":"Ich erstelle f\u00fcr Sie individuell gezeichnete, gefr\u00e4ste oder 3d gedruckte Teile nach ihrem Wunsch - nicht nur f\u00fcr den Modellbau!","og_url":"https:\/\/www.modellbau-teile.ch\/?page_id=139","og_site_name":"3D-Druck - und Fr\u00e4steile nach Mass","article_modified_time":"2022-04-13T18:09:49+00:00","twitter_card":"summary_large_image","twitter_misc":{"Gesch\u00e4tzte Lesezeit":"1\u00a0Minute"},"schema":{"@context":"https:\/\/schema.org","@graph":[{"@type":"WebPage","@id":"https:\/\/www.modellbau-teile.ch\/?page_id=139","url":"https:\/\/www.modellbau-teile.ch\/?page_id=139","name":"Bestellablauf - 3D-Druck - und Fr\u00e4steile nach Mass","isPartOf":{"@id":"https:\/\/www.modellbau-teile.ch\/#website"},"datePublished":"2021-01-10T16:10:47+00:00","dateModified":"2022-04-13T18:09:49+00:00","description":"Ich erstelle f\u00fcr Sie individuell gezeichnete, gefr\u00e4ste oder 3d gedruckte Teile nach ihrem Wunsch - nicht nur f\u00fcr den Modellbau!","breadcrumb":{"@id":"https:\/\/www.modellbau-teile.ch\/?page_id=139#breadcrumb"},"inLanguage":"de-CH","potentialAction":[{"@type":"ReadAction","target":["https:\/\/www.modellbau-teile.ch\/?page_id=139"]}]},{"@type":"BreadcrumbList","@id":"https:\/\/www.modellbau-teile.ch\/?page_id=139#breadcrumb","itemListElement":[{"@type":"ListItem","position":1,"name":"Home","item":"https:\/\/www.modellbau-teile.ch\/"},{"@type":"ListItem","position":2,"name":"Bestellablauf"}]},{"@type":"WebSite","@id":"https:\/\/www.modellbau-teile.ch\/#website","url":"https:\/\/www.modellbau-teile.ch\/","name":"3D-Druck - und Fr\u00e4steile nach Mass","description":"Teile nach Mass - nicht nur f\u00fcr Modellbau","potentialAction":[{"@type":"SearchAction","target":{"@type":"EntryPoint","urlTemplate":"https:\/\/www.modellbau-teile.ch\/?s={search_term_string}"},"query-input":{"@type":"PropertyValueSpecification","valueRequired":true,"valueName":"search_term_string"}}],"inLanguage":"de-CH"}]}},"_links":{"self":[{"href":"https:\/\/www.modellbau-teile.ch\/index.php?rest_route=\/wp\/v2\/pages\/139","targetHints":{"allow":["GET"]}}],"collection":[{"href":"https:\/\/www.modellbau-teile.ch\/index.php?rest_route=\/wp\/v2\/pages"}],"about":[{"href":"https:\/\/www.modellbau-teile.ch\/index.php?rest_route=\/wp\/v2\/types\/page"}],"author":[{"embeddable":true,"href":"https:\/\/www.modellbau-teile.ch\/index.php?rest_route=\/wp\/v2\/users\/1"}],"replies":[{"embeddable":true,"href":"https:\/\/www.modellbau-teile.ch\/index.php?rest_route=%2Fwp%2Fv2%2Fcomments&post=139"}],"version-history":[{"count":10,"href":"https:\/\/www.modellbau-teile.ch\/index.php?rest_route=\/wp\/v2\/pages\/139\/revisions"}],"predecessor-version":[{"id":416,"href":"https:\/\/www.modellbau-teile.ch\/index.php?rest_route=\/wp\/v2\/pages\/139\/revisions\/416"}],"wp:attachment":[{"href":"https:\/\/www.modellbau-teile.ch\/index.php?rest_route=%2Fwp%2Fv2%2Fmedia&parent=139"}],"curies":[{"name":"wp","href":"https:\/\/api.w.org\/{rel}","templated":true}]}}